igit of ((-104)/v)/((-3 - -2)/5)?
2
Let a = -20 - -11. Let p = 22 - 10. Let o = p + a. What is the units digit of o?
3
Let w(q) = q**3 - 31*q**2 - 15*q - 37. What is the hundreds digit of w(32)?
5
Let l be (-1 - -1) + 1 - -2. Suppose -5*a = 4*n - 25, -l*n + 2*a + a = 15. Suppose -4*y - 9 + 53 = n. What is the tens digit of y?
1
Let g(t) = t - 10. Let m be g(13). Suppose 0 = 3*q - m*z + 9, 3*q - 5*z = 2*q - 23. What is the units digit of (q/(-4))/(3/(-246))?
1
Let q = -168 - -277. What is the tens digit of q?
0
Let h(c) = -17*c + 8. Let i be h(6). Let j = i + 138. Suppose 2*q = 2*n + 3 - 27, -5*n - 3*q + j = 0. What is the tens digit of n?
1
Let g = 162 - 160. Suppose -3*t = -7 + 1. Suppose 3*a - t*r = 61, -4*r = g*a + a - 85. What is the tens digit of a?
2
Let z(s) = -8*s - 48*s**3 + 8*s + s**2 - 1. Let d be z(-1). What is the tens digit of 348/d*4*1?
2
Let d(k) = 74*k**2 - 19*k + 25. What is the units digit of d(7)?
8
Let j = 1635 + -677. What is the tens digit of j?
5
Suppose -4*u + 8*u - 5*i = 0, 36 = 4*u + 4*i. Let k be ((-8)/(-10))/(1/40). Let c = k - u. What is the units digit of c?
7
Suppose 0 = -5*d + 6 + 19. Suppose 0 = -d*q - 2*l - 3 + 24, -q - 5*l = -18. Suppose 3*w - 2*i - 90 = 0, q*w + 0*i - 72 = -4*i. What is the units digit of w?
8
What is the hundreds digit of (-4)/((-3)/(9756/16))?
8
Let r be 1 - ((4 - 7) + 1). What is the units digit of ((-10)/r)/((-10)/75)?
5
Let y = 29 - 19. Suppose 15 = h - 5*x - y, 123 = 3*h + x. Let o = h - 9. What is the tens digit of o?
3
Let l(v) = 20*v**2 - 5*v + 4. Let i be 4/6 + ((-75)/(-9) - 6). What is the units digit of l(i)?
9
Suppose -3*q + 5*y + 24 = -4, -5*q - 20 = 5*y. What is the units digit of q?
1
Suppose 0 = 3*v + 3*v + 30. Let b(r) be the third derivative of r**5/60 + r**4/8 + 5*r**3/6 + 5*r**2. What is the tens digit of b(v)?
1
Suppose 4*b = 2*p + 16, 4*p = -p + 5*b - 30. What is the units digit of (-13)/(p/(-20)*-1)?
5
Let z(d) be the first derivative of 9*d**2 - 8*d - 19. What is the hundreds digit of z(6)?
1
Suppose 2616 = 1465*q - 1457*q. What is the hundreds digit of q?
3
Suppose a - 4507 = -4*m, -4506 = -4*m + 8*a - 10*a. What is the hundreds digit of m?
1
Let c(i) = -2*i**3 - 2*i**2 + 5*i - 9. Let z be c(-6). Suppose 224 + z = 5*u. What is the hundreds digit of u?
1
Let c(o) = -o - 7. Let v be c(-11). Suppose -v*y + 1 = -23. Suppose -17 = -d + y. What is the units digit of d?
3
Let t(q) = 2*q**3 - 3*q**2 + 2*q - 2. Let b be t(2). What is the units digit of ((-18)/4)/((-3)/b)?
9
Suppose -885 = -4*l - 2*w + 1319, 4*l - 4*w = 2192. What is the tens digit of l?
5
Suppose 2*m = 5 - 3. What is the tens digit of (0 + m)/(3/237)?
7
Let y(v) be the third derivative of -v**6/90 - v**5/120 + v**4/12 + 6*v**2. Let n(r) be the second derivative of y(r). What is the units digit of n(-4)?
1
Suppose 25*z - 87353 + 7703 = 0. What is the units digit of z?
6
Suppose 0 = -3*g + 1387 + 548. Suppose 4 = -2*l, -4*n + 2*l - 41 = -g. What is the tens digit of n?
5
Suppose -5*l + 3754 = 2*d, 4*d - 322*l = -321*l + 7552. What is the tens digit of d?
8
What is the tens digit of (69 - 0)/(1/(120/6))?
8
Let u = -75 - -66. What is the hundreds digit of -3 + ((-3)/(-4))/(u/(-1512))?
1
Let u(c) = 39*c**2 + c - 13. What is the units digit of u(-5)?
7
Suppose -14*m + 24*m = 27130. What is the thousands digit of m?
2
Let j(u) = 2*u + 3. Let o be j(-4). What is the units digit of 1/o*(-325)/(-52)*-56?
0
Suppose -20*y = -11262 - 5038. What is the units digit of y?
5
Let b(t) = -1514*t**3 + t**2 - 2*t - 2. What is the thousands digit of b(-1)?
1
Suppose 3*w + 3*w = -90. What is the tens digit of (9 - w)*18/8?
5
Let b(v) = -273*v**3 - 2*v**2 - 2*v. What is the units digit of b(-1)?
3
Let y(h) be the first derivative of h**3/3 - h**2 - 5*h - 8. Let v(k) = k**3 + 3*k**2 - 5*k + 1. Let l be v(-4). What is the tens digit of y(l)?
1
Suppose -8*t = -11*t. Suppose 4*b - 188 = -t*b. What is the tens digit of b?
4
Let l = 1828 - -1054. What is the hundreds digit of l?
8
Suppose -2*b + 16 = 5*n, 3*b + 11 = n + 6*b. Suppose 2*v - 326 = -h, -2*v - n*h + 338 = 2*h. What is the units digit of v?
1
Suppose -3*q = 3*d - 6*d + 72, 4*q - 100 = -3*d. Let k be (0 - -1) + -1 + 2 + 0. Suppose 0 = 6*n - k*n - d. What is the units digit of n?
7
Let v(t) = t**3 - 7*t**2 - 9*t + 6. Let y be v(8). Let g be 50/15*(-3)/y. Suppose g*a - 46 = 24. What is the units digit of a?
4
Suppose 86*a - 89*a = -501. What is the units digit of a?
7
Let y = -28 - -22. Let a = y + 20. Suppose -4*p + a = 6. What is the units digit of p?
2
Let z = -351 + 1291. What is the hundreds digit of z?
9
Let v = 16 + -24. Let y(g) = -g**3 - 8*g**2 - g - 4. Let z be y(v). Suppose 0*f + 5*f - 42 = -3*w, 40 = 4*f + z*w. What is the units digit of f?
6
Let c = 3770 + -2146. Suppose -21*x + c = -14*x. What is the tens digit of x?
3
Let p(q) = -q - 5. Let m be p(-4). Let c be 53 + (-1 + 2 - m). What is the units digit of 5/(-2)*(-352)/c?
6
Let g = 2483 - 1366. What is the tens digit of g?
1
Suppose 3*r - 559 = -a, 4*r - 1652 = -8*a + 5*a. What is the hundreds digit of a?
5
Let u(p) = p - 3. Let x be u(9). Let v(c) = -2 + x + 3*c + 5 + 2*c. What is the tens digit of v(4)?
2
Suppose 3*j = 2*l + 19, -4*j - 2*l + 30 = -7*l. Let y = -2 + 4. Suppose y*p - z - 2*z = 10, 24 = 4*p - j*z. What is the units digit of p?
1
Suppose -3*h + 26 = -4*j, 0 = 3*h + j - 2*j - 20. Let l be 6/(h*2/(-8)). Let k = 3 - l. What is the units digit of k?
7
Suppose 4*k - 24 = -0*k. Let a = 8 - k. Suppose 5*q + a = 2*c + 107, 3*q - 2*c - 63 = 0. What is the tens digit of q?
2
Let r(k) = k + 542. Let o be r(0). Suppose -o - 3072 = -13*q. What is the tens digit of q?
7
Suppose 14*u - 888 = 12*u + 4*m, 3*u - 1364 = -2*m. What is the tens digit of u?
5
Suppose 3*b + 0*b = -54. What is the tens digit of (-25)/(-2) - b/12?
1
Let g(f) = -6*f**3 + 3*f**2 - 1. Suppose 3 = -2*i - 1. What is the tens digit of g(i)?
5
Let w(d) be the first derivative of -d**3/3 + d**2 + 5*d + 9. Let f be w(6). Let u = 35 - f. What is the units digit of u?
4
Suppose 2*o = -3 + 11. Suppose 3*q - 5*h - 154 = 22, -68 = -q + o*h. Suppose -q - 49 = -5*z + l, -z + 18 = 2*l. What is the units digit of z?
0
Let l = -174 - -620. What is the hundreds digit of l?
4
Let n(m) = -m**2 - m + 12. Let s be n(-6). Let o = 24 + s. What is the units digit of o?
6
Let n be (5/(-5))/((-2)/(-98)). Let z = -12 - n. What is the tens digit of z?
3
Let h(w) = 5*w - 11. Let k be h(6). Let x(j) = j + 8. Let p be x(0). Let b = p + k. What is the tens digit of b?
2
Let q(l) = 2*l**2 - 2*l + 13. Let d be q(-6). Let p = -89 + d. What is the units digit of p?
8
Let a(x) = -4*x - x**2 + 25 + 2*x - 12*x. What is the tens digit of a(-14)?
2
Suppose -4*i + 4*w = 8, -2*w = 3*i - 0*w - 9. What is the tens digit of 3/(-5)*(-5 + i - 81)?
5
What is the hundreds digit of (603/(-27))/((-5)/465)?
0
Let b(c) = -c - 4. Let k be b(-8). Let d(o) = 2*o - 3. Let x be d(k). Suppose -3*n = 3*h - 45, 3*h + 2*n = x*n + 63. What is the units digit of h?
8
Let m(o) = 2048*o - 40. What is the units digit of m(1)?
8
Let l(h) = h**3 + 5*h**2 + 2*h + 1. Let n be l(-5). Let d(w) = -2*w - 13. Let y be d(n). Suppose 9 = y*c - 26. What is the units digit of c?
7
Let a(i) = -21*i - 12. What is the tens digit of a(-44)?
1
Let g(j) = 6*j**2 - 3*j + 1. Let a be 2*((-10)/4)/1. Let l = -2 - a. What is the units digit of g(l)?
6
Suppose 20*p - 7186 = 1394. What is the tens digit of p?
2
Suppose r = -5*r + 474. Let o = -36 + r. What is the tens digit of o?
4
Let f(n) = 19*n**2 + 7*n - 363. What is the tens digit of f(-15)?
0
Let v(b) = b**2 + 2*b - 1. Let f = -11 + 6. Let g be v(f). Suppose 3*m - 3*i - 15 = 0, -2*m + 0*i + 3*i + g = 0. What is the units digit of m?
1
Suppose -128 = 5*h + 67. Let i = h - -58. Suppose 1 = -c + i. What is the units digit of c?
8
Let l(d) = -24*d - 853. What is the tens digit of l(-51)?
7
Let t(c) = c**3 + 9*c**2 - 24*c + 9. What is the units digit of t(-10)?
9
Let q(i) = -7*i - 1. Let d be q(4). Let c = d - -10. Let k = c + 42. What is the units digit of k?
3
Let o(g) = 70*g + 81. What is the tens digit of o(8)?
4
Suppose 6 = -5*n - 44. Let f be (-2)/1 - (5 - 19). What is the units digit of (f/15)/((-1)/n)?
8
Suppose -2*m = 2 + 2. Let u be (m + 1)*(7 + -5). What is the units 